 32 = 0. Is 3 a factor of h?
True
Let k = 49 + -46. Suppose 174 = b + 5*g, 0*b + 2*b = k*g + 400. Is b a multiple of 20?
False
Let b = 87 + 153. Does 20 divide b?
True
Suppose a = -3*t + 580, 0 = a - 5*a - 2*t + 2320. Is a a multiple of 23?
False
Let f = 106 + -103. Suppose f*a = 101 + 46. Is a a multiple of 19?
False
Let x be (12/(-24))/(-2 - -1)*14. Suppose 3*g = x*g + 3*s - 425, -s = -2*g + 215. Is g a multiple of 19?
False
Suppose -554 = -7*k + 4171. Is k a multiple of 27?
True
Let f = -1070 + 1542. Is 13 a factor of f?
False
Let w = -675 - -2492. Is w a multiple of 8?
False
Let k be (-2)/(-9) + 2716/252. Suppose 138 = k*j - 841. Is 8 a factor of j?
False
Let t = -269 - -2223. Is 10 a factor of t?
False
Does 12 divide (18/21)/((-15)/(-9870))?
True
Let z = 326 + 829. Is z a multiple of 47?
False
Let i = 185 + -81. Is 26 a factor of i?
True
Suppose -315 = 11*r - 2*r. Does 41 divide (-1759)/(-5) + 1 + 28/r?
False
Let q(u) = u**3 + u**2 - u + 32. Let n(l) = l**2 - 6*l - 7. Let o be n(8). Let w = o - 9. Is 12 a factor of q(w)?
False
Let z(a) = 4*a**2 - 17*a + 37. Is z(9) a multiple of 8?
True
Let b = 224 + -153. Does 12 divide b?
False
Let x(j) = j**3 + 103*j - 11*j**2 - 16 - 87*j + 0*j**3. Is 11 a factor of x(10)?
True
Let p(v) = v**2 + 3*v - 16. Let t be p(-8). Let z = t + 8. Is 16 a factor of z?
True
Let d(o) = -o**3 + 11*o**2 + 16*o + 8. Let g be d(12). Does 14 divide (48/g)/(2/196)?
True
Suppose -40*v + 2458 = -35*v + 2*b, v - 491 = -b. Does 38 divide v?
False
Let a(y) = y - 6. Let z(m) = -m + 1. Let o(p) = -a(p) - 2*z(p). Does 5 divide o(1)?
True
Suppose 2*u = -3*g - 0*u + 904, -1206 = -4*g - 3*u. Is 11 a factor of g?
False
Let p(o) = -o + 4. Suppose 5*l = l. Let a be p(l). Is 11 a factor of (-2)/a*(1 + -23)?
True
Suppose -5*s + 31 = -199. Is s a multiple of 3?
False
Suppose 8*i - 14 - 10 = 0. Let m = i + 141. Does 44 divide m?
False
Suppose -28*t + 77 = -21*t. Suppose -t*m + 703 = 230. Is m a multiple of 43?
True
Let q(j) be the third derivative of -j**5/60 - j**4/3 + j**3 + 7*j**2. Let a(x) = -2*x**2 - 15*x + 12. Let b(t) = -3*a(t) + 5*q(t). Does 18 divide b(4)?
False
Let a = 119 - 116. Suppose 0 = -4*j + 4, -3*j + 22 = a*n - 203. Is n a multiple of 15?
False
Let t(d) = -d + 2. Let f be t(-2). Suppose 152 - 44 = f*i. Is i a multiple of 5?
False
Let g be -7*(-2 - 5/(-1)). Let h = g + 25. Suppose 3*v - l = 76, -h*l = v - 5*v + 112. Does 9 divide v?
False
Let n(z) be the first derivative of z**3/3 - 4*z**2 + 8*z - 12. Let f be n(7). Is 40 a factor of (116 - (-1 + f)) + 4?
True
Suppose -16*t + 85 = -11*t. Let a = t - 5. Suppose 0 = 4*v - a, -3*u + 218 = 3*v + 74. Is u a multiple of 18?
False
Let x(h) = h**2 + 13*h + 25. Let p(o) = o - 1. Let n(g) = -p(g) - x(g). Let l be n(-12). Suppose -3*u - 72 = 2*b - 195, 5*b + 2*u - 313 = l. Does 9 divide b?
True
Let g(f) = -2*f**2 - 3*f + 2. Let h be g(3). Let a = 5 + 32. Let j = a + h. Is j a multiple of 6?
True
Let c(g) = 8*g + 8. Let l(b) = b - 1. Let o(r) = c(r) - 6*l(r). Let a be o(-6). Suppose -24 = -4*f - 2*u - a*u, 2*f - 5*u = 33. Is f a multiple of 2?
False
Suppose -2*t + 3*n = -495, -n + 347 = 2*t - 144. Is 62 a factor of t?
False
Is (22992/192)/(1/16) a multiple of 30?
False
Let v(c) = 3*c - 8*c - 3 - 3 + c**2. Let p = 165 + -154. Is v(p) a multiple of 15?
True
Let g be (1 - 14/4)*-10. Suppose -w + 3*j + 120 = 4*j, 5*j + g = 0. Is w a multiple of 22?
False
Suppose -11*q + 144 = 5*q. Is 12/(-5) + q/(-15) - -46 a multiple of 10?
False
Let s = -106 + 141. Is 2 a factor of s?
False
Let l = 2125 + -1132. Does 44 divide l?
False
Let d = -25 + 25. Suppose 2*r - 76 = -r - 5*j, d = r - 5*j - 52. Is 32 a factor of r?
True
Let h = -50 + 52. Suppose -4*r + 5*g + 506 = 0, -3*g = 7*r - h*r - 614. Is 12 a factor of r?
False
Suppose 2*b = 2*p + 8, b = 2*p - 3 + 9. Suppose b*q - 83 = -43. Does 16 divide q?
False
Let f(o) = 5*o**2 - 13*o + 13*o**3 - 12*o**3 - 9 + 6*o**2. Let t be f(-12). Suppose l + 74 = t*l. Does 17 divide l?
False
Let z(v) = v**3 - 10*v**2 + 9*v - 10. Let r be z(9). Let x(b) = -9*b - 10. Is x(r) a multiple of 20?
True
Let z(j) = j**2 + 2*j + 9. Let x be z(-4). Suppose i - x = 1. Is 18 a factor of i?
True
Suppose 2 = -4*v + 10. Is 2048/28 + v/(-14) a multiple of 23?
False
Suppose 3*v = -2*l + 4*v + 5, -l + 2*v - 5 = 0. Suppose -3*n = -12, l*n + 155 = 4*j - 25. Is 10 a factor of j?
True
Let s(w) = 2*w**2 + 5*w - 10. Let a(k) = k**2 + 4*k - 10. Let u(f) = -3*a(f) + 2*s(f). Does 15 divide u(10)?
True
Let o = -1263 - -2250. Is 11 a factor of o?
False
Let b = 0 + 0. Suppose b = 2*r - 5*r - 261. Let m = -58 - r. Does 15 divide m?
False
Does 44 divide (-117 - 363)*28/(-6)?
False
Suppose 0*k + 3*k = c + 129, -82 = -2*k + 2*c. Let q = k - 15. Is 29 a factor of q?
True
Let j(p) = 6*p**2 - 4*p - 12. Suppose k - 3*v = 0, -8 = k + 3*k - 4*v. Is j(k) a multiple of 4?
False
Suppose 5*t + 2*i = 12, -8*t + 7 = -4*t - i. Suppose 0 = t*f - 6*f + 240. Suppose -2*w + f = 5*h - 0*w, 2*h - 30 = -2*w. Is 9 a factor of h?
False
Suppose 5*b = 4*u - 42, -6*u + u - b + 67 = 0. Let f = 18 - u. Suppose f*d + 6 = 31, -m - 3*d = -23. Does 2 divide m?
True
Let w = 144 + 87. Is w a multiple of 33?
True
Let d = 373 + -122. Let m = d + -25. Does 16 divide m?
False
Does 17 divide 10900/16 + -2 - 9/(-12)?
True
Let t = -190 - -89. Let d = t + 182. Is d a multiple of 27?
True
Suppose 8*s - 120 = 3*l + 11*s, -3*l = -2*s + 140. Let i = -8 - 8. Let x = i - l. Does 9 divide x?
False
Let g(s) be the second derivative of 3*s**4/4 - s**3/2 + s**2/2 - 16*s. Is 19 a factor of g(4)?
True
Let x(g) = 2*g**3 + 2*g**2 - 4*g + 16. Is x(3) even?
True
Suppose 0 = 2*g - 5*g + 3*i + 1542, 4*i - 1010 = -2*g. Suppose g + 54 = 5*r. Is 25 a factor of r?
False
Let s(v) = 2*v**3 + 4*v**2 + 2*v. Let c be s(-2). Let p(m) be the first derivative of m**4/4 + 7*m**3/3 + 5*m**2/2 - 2*m + 2. Is 7 a factor of p(c)?
False
Suppose 0 = 8*z - 8 - 232. Suppose -4*d + 258 = z. Is 10 a factor of d?
False
Suppose -23*w + 30*w - 63 = 0. Let t(f) = 7*f**3 - 15*f**2 - 3*f + 7. Let i(n) = -n**3 + n**2 - 1. Let l(h) = -6*i(h) - t(h). Is 13 a factor of l(w)?
True
Suppose 47*p - 52*p + 60 = 0. Suppose r - 54 = -4*u, -3*r = 3*u - 0*u - 144. Let q = r - p. Is q a multiple of 16?
False
Let s = 80 - -292. Suppose 4*n - 1055 = 4*c - 327, 2*n - s = -2*c. Is n a multiple of 23?
True
Is (9/2)/(90/9420) a multiple of 11?
False
Suppose -4*p = 4*y - 250 - 1122, -y + 2*p + 355 = 0. Is 27 a factor of y?
False
Suppose -4*o = -12, -2*o = 5*d - 3*o - 32. Let l(c) = 11*c - 1. Let n be l(d). Let h = n + -24. Does 13 divide h?
True
Let v(b) = -b**3 + 2*b**2 + 3*b. Let o be v(3). Let r(l) = 17*l**2 + 2*l - 1. Let y be r(1). Is 4 a factor of -7 + y - (-1 + o)?
True
Let r = -7 - -51. Let q = r - 1. Does 14 divide q?
False
Let n(z) = z**2 - z + 1. Let h be n(2). Let u be (90 - (-2)/2) + h. Suppose 3*r = -2*t + u, 0 = -4*r + 4*t + t + 110. Does 15 divide r?
True
Suppose -7*y = -5*h - 4*y - 26, 8 = -3*h - 2*y. Is h - (-112 - (-4 - -4)) a multiple of 27?
True
Suppose 5*d - 33 + 13 = 0. Let z be d/(2/2 + 0). Suppose -2*u + j - z*j = -196, 6 = -3*j. Is 22 a factor of u?
False
Suppose 0 = -88*k + 93*k - 2150. Is 6 a factor of k?
False
Suppose 5*b + 9 = -c, -5*c + 3*b + 0*b + 39 = 0. Suppose 6*n = 8*n + c. Let w(a) = -3*a + 5. Does 4 divide w(n)?
False
Suppose -2*t + 22 = -0. Let w = -17 + t. Does 4 divide w/15 + 42/5?
True
Let x(b) be the first derivative of 12*b**3 + b**2 + b - 2. Let y be 0 + -1 + 0/6. Does 7 divide x(y)?
True
Let o(i) = -398*i**3 + 3*i**2 + 5*i + 2. Is 20 a factor of o(-1)?
False
Let f = 325 - 307. Does 2 divide f?
True
Suppose 1644 = 4*c + 2*c. Does 19 divide c?
False
Let a = -13 - -18. Suppose 23 = a*i + 2*g - 65, 4*i - 3*g - 75 = 0. Does 9 divide i?
True
Let o(f) = f**2 + 9*f + 25. Let y be o(-4). Suppose -95 = -y*c + 60. Is c a multiple of 2?
False
Let v(x) be the first derivative of -4*x**2 - 54*x + 16. Is v(-24) a multiple of 46?
True
Suppose 72*c = 33*c + 32058. Is c a multiple of 8?
False
Suppose -w + 1 = -3*n, 1 = 4*n - 3*w + 4. Suppose -11*s + s + 1130 = n. Does 9 divide s?
False
Let m = -36 - -60. Let y be (-18)/(-21)*112/m. Suppose -30 = -y*i + 50. Does 20 divide i?
True
Let t(k) = 15*k**2 - 3*k + 2. Let d(o) = -44*o**2 + 9*o - 6. Let a(q) = -6*d(q) - 17*t(q). Is 8 a f